when 1794 is divided by 146.
42
Calculate the remainder when 1827 is divided by 102.
93
Calculate the remainder when 139930 is divided by 78.
76
What is the remainder when 361 is divided by 115?
16
Calculate the remainder when 1104 is divided by 113.
87
What is the remainder when 15058 is divided by 225?
208
What is the remainder when 914932 is divided by 814?
810
Calculate the remainder when 814791 is divided by 271597.
0
Calculate the remainder when 122984 is divided by 2157.
35
What is the remainder when 9233 is divided by 19?
18
Calculate the remainder when 4640 is divided by 13.
12
What is the remainder when 61671 is divided by 12333?
6
Calculate the remainder when 101536 is divided by 986.
964
What is the remainder when 7250 is divided by 656?
34
Calculate the remainder when 191059 is divided by 103.
97
Calculate the remainder when 2716 is divided by 74.
52
Calculate the remainder when 902 is divided by 381.
140
What is the remainder when 2510 is divided by 74?
68
What is the remainder when 9480 is divided by 947?
10
Calculate the remainder when 29040 is divided by 27.
15
Calculate the remainder when 502886 is divided by 224.
6
What is the remainder when 717240 is divided by 185?
180
Calculate the remainder when 2635 is divided by 832.
139
Calculate the remainder when 35779 is divided by 2726.
341
What is the remainder when 13111 is divided by 90?
61
What is the remainder when 25167 is divided by 1205?
1067
Calculate the remainder when 96982 is divided by 1043.
1026
Calculate the remainder when 1998790 is divided by 1207.
1205
What is the remainder when 92892 is divided by 80?
12
Calculate the remainder when 80369 is divided by 437.
398
Calculate the remainder when 1037 is divided by 235.
97
Calculate the remainder when 39297 is divided by 28.
13
Calculate the remainder when 6202 is divided by 596.
242
What is the remainder when 8749 is divided by 794?
15
What is the remainder when 10723 is divided by 1531?
6
What is the remainder when 450524 is divided by 150169?
17
Calculate the remainder when 385198 is divided by 30.
28
What is the remainder when 69711 is divided by 182?
5
Calculate the remainder when 7469 is divided by 187.
176
Calculate the remainder when 60366 is divided by 154.
152
Calculate the remainder when 832 is divided by 228.
148
What is the remainder when 39588 is divided by 400?
388
Calculate the remainder when 328 is divided by 16.
8
What is the remainder when 13705 is divided by 185?
15
What is the remainder when 70809 is divided by 1072?
57
Calculate the remainder when 382268 is divided by 331.
294
What is the remainder when 96678 is divided by 112?
22
Calculate the remainder when 1032092 is divided by 369.
368
Calculate the remainder when 116457 is divided by 10.
7
What is the remainder when 5713 is divided by 1139?
18
Calculate the remainder when 2459 is divided by 745.
224
Calculate the remainder when 1117065 is divided by 53.
37
Calculate the remainder when 2074 is divided by 55.
39
Calculate the remainder when 6399 is divided by 560.
239
What is the remainder when 15194 is divided by 7595?
4
What is the remainder when 30029 is divided by 204?
41
Calculate the remainder when 3002 is divided by 1223.
556
Calculate the remainder when 64793 is divided by 56.
1
What is the remainder when 44138 is divided by 319?
116
What is the remainder when 69227 is divided by 112?
11
What is the remainder when 711897 is divided by 27?
15
What is the remainder when 336137 is divided by 173?
171
What is the remainder when 25043 is divided by 556?
23
What is the remainder when 424986 is divided by 94?
12
Calculate the remainder when 4534 is divided by 118.
50
Calculate the remainder when 667467 is divided by 7.
3
Calculate the remainder when 256159 is divided by 8263.
6
Calculate the remainder when 104157 is divided by 131.
12
What is the remainder when 305399 is divided by 21?
17
What is the remainder when 12966 is divided by 405?
6
Calculate the remainder when 36593 is divided by 256.
241
What is the remainder when 2892 is divided by 102?
36
Calculate the remainder when 22043 is divided by 7347.
2
Calculate the remainder when 48369 is divided by 58.
55
Calculate the remainder when 1124 is divided by 507.
110
What is the remainder when 94 is divided by 62?
32
Calculate the remainder when 141100 is divided by 35.
15
Calculate the remainder when 29662 is divided by 206.
204
What is the remainder when 6933 is divided by 4?
1
What is the remainder when 29554 is divided by 14776?
2
What is the remainder when 125643 is divided by 641?
7
Calculate the remainder when 1763 is divided by 378.
251
What is the remainder when 1799 is divided by 293?
41
What is the remainder when 8698 is divided by 22?
8
Calculate the remainder when 2484 is divided by 276.
0
Calculate the remainder when 7973 is divided by 201.
134
Calculate the remainder when 841 is divided by 222.
175
Calculate the remainder when 109595 is divided by 124.
103
Calculate the remainder when 9942 is divided by 255.
252
Calculate the remainder when 172905 is divided by 138.
129
Calculate the remainder when 3633 is divided by 109.
36
What is the remainder when 21453 is divided by 4029?
1308
Calculate the remainder when 12573 is divided by 6046.
481
What is the remainder when 21242 is divided by 3536?
26
What is the remainder when 5614 is divided by 2573?
468
What is the remainder when 550 is divided by 203?
144
What is the remainder when 1901 is divided by 944?
13
Calculate the remainder when 12747 is divided by 15.
12
What is the remainder when 379256 is divided by 21?
17
What is the remainder when 11143 is divided by 5571?
1
Calculate the remainder when 181 is divided by 177.
4
What is the remainder when 1148700 is divided by 229737?
15
What is the remainder when 9406 is divided by 2348?
14
What is the remainder when 13855 is divided by 90?
85
What is the remainder when 15715 is divided by 130?
115
Calculate the remainder when 21802 is divided by 320.
42
Calculate the remainder when 105944 is divided by 218.
214
What is the remainder when 14900 is divided by 4737?
689
Calculate the remainder when 12730 is divided by 2111.
64
What is the remainder when 26658 is divided by 103?
84
Calculate the remainder when 127457 is divided by 236.
17
What is the remainder when 500 is divided by 14?
10
What is the remainder when 90126 is divided by 22521?
42
Calculate the remainder when 10475 is divided by 523.
15
What is the remainder when 41290 is divided by 25?
15
What is the remainder when 136473 is divided by 36?
33
What is the remainder when 7208 is divided by 102?
68
What is the remainder when 8277 is divided by 276?
273
Calculate the remainder when 2058 is divided by 193.
128
What is the remainder when 45529 is divided by 4?
1
Calculate the remainder when 21711 is divided by 21710.
1
Calculate the remainder when 267638 is divided by 118.
14
What is the remainder when 13999 is divided by 487?
363
Calculate the remainder when 193789 is divided by 183.
175
What is the remainder when 5714 is divided by 124?
10
What is the remainder when 2957 is divided by 1102?
753
What is the remainder when 3602 is divided by 330?
302
Calculate the remainder when 3871 is divided by 3445.
426
Calculate the remainder when 1831 is divided by 358.
41
What is the remainder when 25931 is divided by 8320?
971
What is the remainder when 12346 is divided by 53?
50
Calculate the remainder when 3892 is divided by 1279.
55
What is the remainder when 58210 is divided by 23?
20
What is the remainder when 45064 is divided by 31?
21
What is the remainder when 1422 is divided by 357?
351
What is the remainder when 6472 is divided by 69?
55
What is the remainder when 4239 is divided by 359?
290
Calculate the remainder when 12431 is divided by 2044.
167
What is the remainder when 55631 is divided by 61?
60
Calculate the remainder when 5109 is divided by 432.
357
Calculate the remainder when 227470 is divided by 337.
332
Calculate the remainder when 6637 is divided by 664.
661
What is the remainder when 784 is divided by 395?
389
Calculate the remainder when 37099 is divided by 36935.
164
Calculate the remainder when 534343 is divided by 735.
733
What is the remainder when 28748 is divided by 5730?
98
What is the remainder whe